y(g) = g - g + 19 + g + 0*g. Suppose 0*f + 2*f = -18. What is the tens digit of y(f)?
1
Let x = 5 + -2. Suppose -2*c + x*c - 9 = 0. What is the units digit of c?
9
Let w = -152 + 159. What is the units digit of w?
7
Let m(h) = -6*h - 6. Let o(n) = 13*n + 13. Let r(g) = -5*m(g) - 2*o(g). Let i(j) = 5*j + 4. Let v(t) = -3*i(t) + 4*r(t). What is the tens digit of v(8)?
1
Suppose -9 = 3*x - 4*x. Let w = x - 17. Let i = w - -17. What is the units digit of i?
9
Let v(z) = -3*z. Let g be v(-1). Suppose 5 = -4*n + 2*m - g, 3*n + 12 = 3*m. Suppose n - 52 = -4*q. What is the units digit of q?
3
Suppose -f + 139 = 5*j, f - 4*f = 4*j - 120. What is the tens digit of j?
2
Suppose 0 = -4*l, s + 20 = 6*s + 5*l. What is the tens digit of (19/s)/(4/16)?
1
What is the tens digit of ((-85)/(-5))/(1/3)?
5
Suppose 0 = -3*h + 6*h + 2*w - 21, 5*w - 5 = 2*h. Suppose -q + 37 = -h. What is the tens digit of q?
4
Let i(b) = 1. Let x(j) = -3*j - 21. Let l(g) = -42*i(g) - 2*x(g). Let p = 38 - 37. What is the units digit of l(p)?
6
Suppose 0 = 3*q + 13 - 43. Let v(i) = -i**3 + 9*i**2 + 10*i + 7. What is the units digit of v(q)?
7
Let n = 12 - 18. What is the units digit of (-1 + (-2)/n)*-9?
6
Let a(q) = -q**3 - 6*q**2 - 7*q + 4. Let h be a(-5). What is the units digit of ((-12)/h)/((-1)/28)?
4
Suppose -i - 5 = -2*s, -5*s + 10 + 5 = -5*i. Suppose 0*k - 34 = -2*w - 2*k, -s*k - 18 = -2*w. What is the tens digit of w?
1
Let w = 308 + -179. What is the units digit of w?
9
Let m(q) be the first derivative of -q**4/4 - q**3 - q**2/2 - 5*q - 2. What is the units digit of m(-4)?
5
Suppose y = 5*b + 30, 5*b + 15 = -2*y - 0*y. Suppose 0 = -3*x - 5*q - 0*q - 46, -2*q = -y*x - 87. Let n = -12 - x. What is the units digit of n?
5
Suppose 2*h - 10 = 7*h. Let x be 1 + -11 + h/(-1). Let c = x - -11. What is the units digit of c?
3
Let d be (6/(-4))/((-12)/(-16)). What is the units digit of 1 + 5 + (-1 - d)?
7
Let o = 3 - 3. Suppose x = 4*h - 4*x - 23, o = -4*h - 3*x - 1. What is the units digit of h?
2
What is the units digit of 913/33 - (-2)/(-3)?
7
Let k(v) = -2*v + 5. Let a be k(4). Let z(f) = 3 - 3*f**2 + f + 3*f**2 + f**2. What is the units digit of z(a)?
9
What is the tens digit of 14649/76 + 2/8?
9
Let y = -63 - -114. What is the units digit of y?
1
Let b be ((-32)/12)/(1/(-6)). Suppose -b - 10 = -2*g. What is the tens digit of g?
1
Let c(r) = r**3 - 5*r**2 - 7*r + 3. Let a be c(6). What is the units digit of a/12 - (-41)/4?
0
Let j(s) = -12 - s + s + 0*s + s. What is the units digit of j(14)?
2
Let x(a) = -9*a**3 + 24*a**2 - 19*a + 22. Let i(c) = 5*c**3 - 12*c**2 + 9*c - 11. Let q(m) = -7*i(m) - 4*x(m). What is the units digit of q(11)?
1
Let o = -31 - -50. What is the tens digit of o?
1
Suppose 5*q = 3*l - 15, -11 = -4*l - 5*q + 44. What is the units digit of l?
0
Let q(b) = 10*b + 3. Let i(o) = 51*o + 15. Let u(h) = 2*i(h) - 11*q(h). Let n be u(-2). Let t = n + -4. What is the units digit of t?
9
What is the tens digit of (-294)/(-2) - ((5 - 4) + 2)?
4
Let r = -107 - -363. What is the tens digit of 2/(-7) + r/14?
1
Let i = -6 - -19. Suppose 4*y - i - 31 = 0. What is the tens digit of y?
1
Let y(a) = 12*a**3 - a**2 + a + 1. Let t be y(-1). Let f = 13 - t. What is the units digit of f?
6
Let w(d) = 5*d + 7 - 1 - 9*d - 10*d + d**2. What is the units digit of w(14)?
6
Let v = -31 - -45. Let a = 19 - v. What is the units digit of a?
5
Let w = 124 - 122. What is the units digit of w?
2
Suppose 12 = 4*s + 4. Suppose -3*d + 12 = 0, -d = 2*h + s*d - 26. What is the units digit of h?
7
Suppose -4*h = 4*z - 28, 3 - 5 = 2*z - 2*h. Suppose -z*v - 2*v + 20 = 0. Suppose -2*d - 3*o + 24 = 0, -v*o = -11 - 5. What is the units digit of d?
6
What is the units digit of ((-10)/20)/((-1)/4)?
2
What is the units digit of 6/18 + 28/6?
5
Let d be ((-4)/6)/((-10)/75). Suppose -s = -d*s + 16. Suppose 3*z - s*z = -8. What is the units digit of z?
8
Suppose -75 + 357 = 6*t. Let p = t + -33. What is the units digit of p?
4
Let s = -25 + 64. What is the tens digit of s?
3
Let v(w) = -4*w - 11. What is the tens digit of v(-7)?
1
Let r(v) = v**3 + 3*v**2 - v - 2. Let m be r(-2). Let s(j) = -6*j - 1. Let t(q) = q. Let p(f) = m*t(f) + s(f). What is the units digit of p(-6)?
1
Suppose t - 23 = -2*a - 2, 5*a = t - 28. What is the tens digit of t?
2
Let w(y) = -3*y**2. Let n be w(1). Let h be (-4)/n*18/4. Suppose -t - 2*k + 3 = 0, 2*t - k + 0 = h. What is the units digit of t?
3
Let p(u) = 8*u - 7. Let k be p(8). Suppose 4*g = k + 31. Let f = -11 + g. What is the units digit of f?
1
Let d be -3*3/(-3) - -33. Let c = 5 + d. What is the tens digit of c?
4
Let i be 37/(-2) + (-9)/(-18). Let v = -10 - i. What is the units digit of v?
8
Let l(i) = -i + 7. Let q = 16 + -10. Let o be l(q). Suppose -19 = -4*a + o. What is the units digit of a?
5
What is the units digit of 24*8/((-80)/(-15))?
6
Let i(p) be the first derivative of p**4/4 + 4*p**3/3 + p**2/2 + 2. Let o(b) = -b**2 - 4*b + 2. Let w be o(-5). What is the units digit of i(w)?
6
Suppose -26 - 39 = -5*w. What is the units digit of w?
3
Let s(i) = -i + 5. Let d(c) = -c + 6. Let u(w) = 4*d(w) - 3*s(w). Let n be u(0). Let t = n - 2. What is the units digit of t?
7
Suppose -4*j + 4*n - 44 = 0, -n - 16 = -j + 3*j. Let x(k) = 4*k + 11. Let d(h) = -h - 3. Let c(y) = j*d(y) - 2*x(y). What is the units digit of c(0)?
5
Suppose -x + 4 = x. Let f(w) = -3*w + 6*w**x + w**2 - w**3 - w**2. What is the units digit of f(4)?
0
Let v be (-2 - -3)/((-3)/12). What is the units digit of (-3 - v)/((-1)/(-37))?
7
Suppose 4*u - 3*f + 17 = 2*f, 4*u + 3*f = 23. Suppose -3*l + 34 = 5*q, u*q + 3 = l - 1. What is the units digit of l?
8
Let g be -20*(1 + 14/(-4)). Suppose -g = 5*j + 40. What is the units digit of (2 + -2 - j) + -1?
7
Let q(o) = o**3 - o**2 + o - 7. Let a be q(0). Let x be 6/a*(-9 + 2). Suppose -3*r = -x - 3. What is the units digit of r?
3
Suppose -3*m = 3*j - 99, -j + m = -0*j - 23. Suppose x - j = -x. What is the units digit of (0 - -2)*x/4?
7
Suppose 5*v - 3 = -2*t - 12, -6 = v - t. Let u(z) = -5*z - 1. What is the tens digit of u(v)?
1
Let u(x) = 5*x**2 - 18*x - 10. Let g(o) = 3*o**2 - 12*o - 7. Let f(y) = -8*g(y) + 5*u(y). Let w be f(-4). What is the units digit of (9/(-6))/(w/20)?
5
Suppose -2*n - 4*q + 248 = 0, n = 3*q + 30 + 114. What is the hundreds digit of n?
1
Let t be -1*(0 + 0)*1. Suppose -m - 2*m = t. Suppose m*i + 3*i = 18. What is the units digit of i?
6
Let l = -78 + 118. Suppose 5*q - 2*d - 2*d = 32, -4*q = 4*d - l. What is the units digit of q?
8
What is the tens digit of 0 + (-4)/(16/(-132))?
3
Suppose b = 14 + 5. What is the tens digit of b?
1
What is the units digit of (6 + 21)/(-3 - -4)?
7
Suppose 133 = 5*h - 52. Suppose 23 + h = 4*z - 4*a, 61 = 4*z - 3*a. What is the tens digit of z?
1
Let l(h) = 4*h + 1. Let x be l(1). Suppose -5*w + 3*g = 23, -2*g + 25 = -x*w + 3*g. What is the units digit of (-30)/w*(-8)/(-12)?
5
Let u = -123 - -265. What is the hundreds digit of u?
1
Let x(d) = -2*d - 3. Suppose 3*z + 2*p - 8 = 0, -3*p = -2*z + 6 - 18. Suppose o + 1 + 5 = z. What is the units digit of x(o)?
9
Let s be -7 + (-2)/(-3 + 2). Let h(n) = -n. What is the units digit of h(s)?
5
Suppose 20 = -5*h + 5*w, h - 2*h + 6 = w. What is the units digit of h?
1
Let r(c) = c - 11. Let i be r(5). Let s(g) = g + 12. What is the units digit of s(i)?
6
Let q be 26 - (-1)/((-1)/2). Suppose -5*a = -a - q. What is the units digit of a?
6
Suppose 5*s - 57 = 78. What is the tens digit of s?
2
Suppose 6 = -f + 4*o, 3*f - 5*o - 4 = -8. What is the units digit of f?
2
Let a(v) = 16 + 5*v - 16. Let i be a(-1). Let c = 9 + i. What is the units digit of c?
4
Let i(y) = -y + 147. What is the hundreds digit of i(0)?
1
Let j(z) = z**2 - 7*z - 23. What is the tens digit of j(-11)?
7
Let t = 81 - 47. What is the tens digit of t?
3
Let q be (-8)/(-16)*(1 - -5). Suppose -q*u + 46 = -2*l, l - 26 = -3*u - l. What is the units digit of u?
2
Let z = 0 + 5. Suppose -a = 5*n + z, -2*n + 5*a = -1 - 24. Let c = 5 + n. What is the units digit of c?
5
Suppose q + q - 61 = 3*j, 89 = 3*q - 2*j. Suppose q + 161 = 5*g. What is the tens digit of g?
3
Let q be (0 + 2 - 1) + 1. Suppose 5*a = -3*t + 27, -a - q + 1 = -t. Let u = 6 + a. What is the units digit of u?
9
Suppose 8*o - 3*o - 4*f = 29, -5*o + 6